{"id":58,"date":"2021-04-20T09:58:07","date_gmt":"2021-04-20T07:58:07","guid":{"rendered":"https:\/\/www.zlomvaz.cz\/2021\/?page_id=58"},"modified":"2021-10-04T18:36:45","modified_gmt":"2021-10-04T16:36:45","slug":"kontakty-2","status":"publish","type":"page","link":"https:\/\/www.zlomvaz.cz\/2021\/kontakty-2\/","title":{"rendered":"Kontakty"},"content":{"rendered":"\n<figure class=\"wp-block-image size-large is-resized\"><img loading=\"lazy\" decoding=\"async\" src=\"https:\/\/www.zlomvaz.cz\/2021\/wp-content\/uploads\/2021\/04\/kontakty.png\" alt=\"\" class=\"wp-image-7\" width=\"591\" height=\"257\" srcset=\"https:\/\/www.zlomvaz.cz\/2021\/wp-content\/uploads\/2021\/04\/kontakty.png 591w, https:\/\/www.zlomvaz.cz\/2021\/wp-content\/uploads\/2021\/04\/kontakty-300x130.png 300w\" sizes=\"auto, (max-width: 591px) 100vw, 591px\" \/><\/figure>\n\n\n\n<div class=\"wp-block-columns is-layout-flex wp-container-core-columns-is-layout-9d6595d7 wp-block-columns-is-layout-flex\">\n<div class=\"wp-block-column is-layout-flow wp-block-column-is-layout-flow\">\n<figure class=\"wp-block-image size-large shake\"><img loading=\"lazy\" decoding=\"async\" width=\"1024\" height=\"1024\" src=\"https:\/\/www.zlomvaz.cz\/2021\/wp-content\/uploads\/2021\/04\/tom-scaled-e1618914989678-1024x1024.jpg\" alt=\"\" class=\"wp-image-92\" srcset=\"https:\/\/www.zlomvaz.cz\/2021\/wp-content\/uploads\/2021\/04\/tom-scaled-e1618914989678-1024x1024.jpg 1024w, https:\/\/www.zlomvaz.cz\/2021\/wp-content\/uploads\/2021\/04\/tom-scaled-e1618914989678-300x300.jpg 300w, https:\/\/www.zlomvaz.cz\/2021\/wp-content\/uploads\/2021\/04\/tom-scaled-e1618914989678-150x150.jpg 150w, https:\/\/www.zlomvaz.cz\/2021\/wp-content\/uploads\/2021\/04\/tom-scaled-e1618914989678-768x768.jpg 768w, https:\/\/www.zlomvaz.cz\/2021\/wp-content\/uploads\/2021\/04\/tom-scaled-e1618914989678-1536x1536.jpg 1536w, https:\/\/www.zlomvaz.cz\/2021\/wp-content\/uploads\/2021\/04\/tom-scaled-e1618914989678-1568x1567.jpg 1568w, https:\/\/www.zlomvaz.cz\/2021\/wp-content\/uploads\/2021\/04\/tom-scaled-e1618914989678.jpg 1708w\" sizes=\"auto, (max-width: 1024px) 100vw, 1024px\" \/><figcaption><strong>Tom\u00e1\u0161 Ko\u010d\u00ed<\/strong><br><em>manager festivalu<\/em><br><a href=\"mailto:info@zlomvaz.cz\">info@zlomvaz.cz<\/a><\/figcaption><\/figure>\n<\/div>\n\n\n\n<div class=\"wp-block-column is-layout-flow wp-block-column-is-layout-flow\">\n<figure class=\"wp-block-image size-large shake\"><img loading=\"lazy\" decoding=\"async\" width=\"1024\" height=\"1024\" src=\"https:\/\/www.zlomvaz.cz\/2021\/wp-content\/uploads\/2021\/04\/hanina-scaled-e1618915108291-1024x1024.jpg\" alt=\"\" class=\"wp-image-87\" srcset=\"https:\/\/www.zlomvaz.cz\/2021\/wp-content\/uploads\/2021\/04\/hanina-scaled-e1618915108291-1024x1024.jpg 1024w, https:\/\/www.zlomvaz.cz\/2021\/wp-content\/uploads\/2021\/04\/hanina-scaled-e1618915108291-300x300.jpg 300w, https:\/\/www.zlomvaz.cz\/2021\/wp-content\/uploads\/2021\/04\/hanina-scaled-e1618915108291-150x150.jpg 150w, https:\/\/www.zlomvaz.cz\/2021\/wp-content\/uploads\/2021\/04\/hanina-scaled-e1618915108291-768x768.jpg 768w, https:\/\/www.zlomvaz.cz\/2021\/wp-content\/uploads\/2021\/04\/hanina-scaled-e1618915108291-1536x1536.jpg 1536w, https:\/\/www.zlomvaz.cz\/2021\/wp-content\/uploads\/2021\/04\/hanina-scaled-e1618915108291-1568x1567.jpg 1568w, https:\/\/www.zlomvaz.cz\/2021\/wp-content\/uploads\/2021\/04\/hanina-scaled-e1618915108291.jpg 1632w\" sizes=\"auto, (max-width: 1024px) 100vw, 1024px\" \/><figcaption><strong>Hana Kacaf\u00edrkov\u00e1<\/strong><br><em>vedouc\u00ed sekce divadeln\u00ed p\u0159ehl\u00eddka<\/em><br><a href=\"mailto:divadlo@zlomvaz.cz\">divadlo@zlomvaz.cz<\/a><\/figcaption><\/figure>\n<\/div>\n\n\n\n<div class=\"wp-block-column is-layout-flow wp-block-column-is-layout-flow\">\n<figure class=\"wp-block-image size-large shake\"><img loading=\"lazy\" decoding=\"async\" width=\"1024\" height=\"1024\" src=\"https:\/\/www.zlomvaz.cz\/2021\/wp-content\/uploads\/2021\/04\/vera-scaled-e1618914950846-1024x1024.jpg\" alt=\"\" class=\"wp-image-94\" srcset=\"https:\/\/www.zlomvaz.cz\/2021\/wp-content\/uploads\/2021\/04\/vera-scaled-e1618914950846-1024x1024.jpg 1024w, https:\/\/www.zlomvaz.cz\/2021\/wp-content\/uploads\/2021\/04\/vera-scaled-e1618914950846-300x300.jpg 300w, https:\/\/www.zlomvaz.cz\/2021\/wp-content\/uploads\/2021\/04\/vera-scaled-e1618914950846-150x150.jpg 150w, https:\/\/www.zlomvaz.cz\/2021\/wp-content\/uploads\/2021\/04\/vera-scaled-e1618914950846-768x768.jpg 768w, https:\/\/www.zlomvaz.cz\/2021\/wp-content\/uploads\/2021\/04\/vera-scaled-e1618914950846-1536x1536.jpg 1536w, https:\/\/www.zlomvaz.cz\/2021\/wp-content\/uploads\/2021\/04\/vera-scaled-e1618914950846-1568x1567.jpg 1568w, https:\/\/www.zlomvaz.cz\/2021\/wp-content\/uploads\/2021\/04\/vera-scaled-e1618914950846.jpg 1708w\" sizes=\"auto, (max-width: 1024px) 100vw, 1024px\" \/><figcaption><strong>Veronika \u010cefel\u00ednov\u00e1<\/strong><br><em>divadeln\u00ed p\u0159ehl\u00eddka \u2013 program JAMU<\/em><br><a href=\"mailto:divadlo@zlomvaz.cz\">divadlo@zlomvaz.cz<\/a><br><em>\u010dlen t\u00fdmu finance<\/em><br><a href=\"mailto:finance@zlomvaz.cz\">finance@zlomvaz.cz<\/a><\/figcaption><\/figure>\n<\/div>\n<\/div>\n\n\n\n<div class=\"wp-block-columns is-layout-flex wp-container-core-columns-is-layout-9d6595d7 wp-block-columns-is-layout-flex\">\n<div class=\"wp-block-column is-layout-flow wp-block-column-is-layout-flow\">\n<figure class=\"wp-block-image size-large shake\"><img loading=\"lazy\" decoding=\"async\" width=\"1024\" height=\"1024\" src=\"https:\/\/www.zlomvaz.cz\/2021\/wp-content\/uploads\/2021\/04\/vanda-scaled-e1618914972433-1024x1024.jpg\" alt=\"\" class=\"wp-image-93\" srcset=\"https:\/\/www.zlomvaz.cz\/2021\/wp-content\/uploads\/2021\/04\/vanda-scaled-e1618914972433-1024x1024.jpg 1024w, https:\/\/www.zlomvaz.cz\/2021\/wp-content\/uploads\/2021\/04\/vanda-scaled-e1618914972433-300x300.jpg 300w, https:\/\/www.zlomvaz.cz\/2021\/wp-content\/uploads\/2021\/04\/vanda-scaled-e1618914972433-150x150.jpg 150w, https:\/\/www.zlomvaz.cz\/2021\/wp-content\/uploads\/2021\/04\/vanda-scaled-e1618914972433-768x768.jpg 768w, https:\/\/www.zlomvaz.cz\/2021\/wp-content\/uploads\/2021\/04\/vanda-scaled-e1618914972433-1536x1536.jpg 1536w, https:\/\/www.zlomvaz.cz\/2021\/wp-content\/uploads\/2021\/04\/vanda-scaled-e1618914972433-1568x1567.jpg 1568w, https:\/\/www.zlomvaz.cz\/2021\/wp-content\/uploads\/2021\/04\/vanda-scaled-e1618914972433.jpg 1708w\" sizes=\"auto, (max-width: 1024px) 100vw, 1024px\" \/><figcaption><strong>Vanda Hejnov\u00e1<\/strong><br><em>divadeln\u00ed p\u0159ehl\u00eddka &#8211; program AMU<\/em><br><a href=\"https:\/\/www.zlomvaz.cz\/2021\/wp-admin\/divadlo@zlomvaz.cz\">divadlo@zlomvaz.cz<\/a><\/figcaption><\/figure>\n<\/div>\n\n\n\n<div class=\"wp-block-column is-layout-flow wp-block-column-is-layout-flow\">\n<figure class=\"wp-block-image size-large shake\"><img loading=\"lazy\" decoding=\"async\" width=\"1024\" height=\"1024\" src=\"https:\/\/www.zlomvaz.cz\/2021\/wp-content\/uploads\/2021\/04\/fana-scaled-e1618915159571-1024x1024.jpg\" alt=\"\" class=\"wp-image-85\" srcset=\"https:\/\/www.zlomvaz.cz\/2021\/wp-content\/uploads\/2021\/04\/fana-scaled-e1618915159571-1024x1024.jpg 1024w, https:\/\/www.zlomvaz.cz\/2021\/wp-content\/uploads\/2021\/04\/fana-scaled-e1618915159571-300x300.jpg 300w, https:\/\/www.zlomvaz.cz\/2021\/wp-content\/uploads\/2021\/04\/fana-scaled-e1618915159571-150x150.jpg 150w, https:\/\/www.zlomvaz.cz\/2021\/wp-content\/uploads\/2021\/04\/fana-scaled-e1618915159571-768x768.jpg 768w, https:\/\/www.zlomvaz.cz\/2021\/wp-content\/uploads\/2021\/04\/fana-scaled-e1618915159571-1536x1536.jpg 1536w, https:\/\/www.zlomvaz.cz\/2021\/wp-content\/uploads\/2021\/04\/fana-scaled-e1618915159571-1568x1567.jpg 1568w, https:\/\/www.zlomvaz.cz\/2021\/wp-content\/uploads\/2021\/04\/fana-scaled-e1618915159571.jpg 1644w\" sizes=\"auto, (max-width: 1024px) 100vw, 1024px\" \/><figcaption><strong>Franti\u0161ka Jesensk\u00e1<\/strong><br><em>divadeln\u00ed p\u0159ehl\u00eddka &#8211; technika<\/em><br><a href=\"mailto:technika@zlomvaz.cz\">technika@zlomvaz.cz<\/a><br><em>vedouc\u00ed sekce finance<\/em><br><a rel=\"noreferrer noopener\" href=\"mailto:finance@zlomvaz.cz\" target=\"_blank\">finance@zlomvaz.cz<\/a><\/figcaption><\/figure>\n<\/div>\n\n\n\n<div class=\"wp-block-column is-layout-flow wp-block-column-is-layout-flow\">\n<figure class=\"wp-block-image size-large shake\"><img loading=\"lazy\" decoding=\"async\" width=\"1024\" height=\"1024\" src=\"https:\/\/www.zlomvaz.cz\/2021\/wp-content\/uploads\/2021\/04\/stepa-scaled-e1618915016561-1024x1024.jpg\" alt=\"\" class=\"wp-image-91\" srcset=\"https:\/\/www.zlomvaz.cz\/2021\/wp-content\/uploads\/2021\/04\/stepa-scaled-e1618915016561-1024x1024.jpg 1024w, https:\/\/www.zlomvaz.cz\/2021\/wp-content\/uploads\/2021\/04\/stepa-scaled-e1618915016561-300x300.jpg 300w, https:\/\/www.zlomvaz.cz\/2021\/wp-content\/uploads\/2021\/04\/stepa-scaled-e1618915016561-150x150.jpg 150w, https:\/\/www.zlomvaz.cz\/2021\/wp-content\/uploads\/2021\/04\/stepa-scaled-e1618915016561-768x768.jpg 768w, https:\/\/www.zlomvaz.cz\/2021\/wp-content\/uploads\/2021\/04\/stepa-scaled-e1618915016561-1536x1536.jpg 1536w, https:\/\/www.zlomvaz.cz\/2021\/wp-content\/uploads\/2021\/04\/stepa-scaled-e1618915016561-1568x1568.jpg 1568w, https:\/\/www.zlomvaz.cz\/2021\/wp-content\/uploads\/2021\/04\/stepa-scaled-e1618915016561.jpg 1900w\" sizes=\"auto, (max-width: 1024px) 100vw, 1024px\" \/><figcaption><strong>\u0160t\u011bp\u00e1n Pi\u0148os<\/strong><br><em>guest servise<\/em><br><a href=\"mailto:guest@zlomvaz.cz\">guest@zlomvaz.cz<\/a><\/figcaption><\/figure>\n<\/div>\n<\/div>\n\n\n\n<div class=\"wp-block-columns is-layout-flex wp-container-core-columns-is-layout-9d6595d7 wp-block-columns-is-layout-flex\">\n<div class=\"wp-block-column is-layout-flow wp-block-column-is-layout-flow\">\n<figure class=\"wp-block-image size-large shake\"><img loading=\"lazy\" decoding=\"async\" width=\"1024\" height=\"1024\" src=\"https:\/\/www.zlomvaz.cz\/2021\/wp-content\/uploads\/2021\/04\/kuba-scaled-e1618915088802-1024x1024.jpg\" alt=\"\" class=\"wp-image-88\" srcset=\"https:\/\/www.zlomvaz.cz\/2021\/wp-content\/uploads\/2021\/04\/kuba-scaled-e1618915088802-1024x1024.jpg 1024w, https:\/\/www.zlomvaz.cz\/2021\/wp-content\/uploads\/2021\/04\/kuba-scaled-e1618915088802-300x300.jpg 300w, https:\/\/www.zlomvaz.cz\/2021\/wp-content\/uploads\/2021\/04\/kuba-scaled-e1618915088802-150x150.jpg 150w, https:\/\/www.zlomvaz.cz\/2021\/wp-content\/uploads\/2021\/04\/kuba-scaled-e1618915088802-768x768.jpg 768w, https:\/\/www.zlomvaz.cz\/2021\/wp-content\/uploads\/2021\/04\/kuba-scaled-e1618915088802-1536x1536.jpg 1536w, https:\/\/www.zlomvaz.cz\/2021\/wp-content\/uploads\/2021\/04\/kuba-scaled-e1618915088802-1568x1568.jpg 1568w, https:\/\/www.zlomvaz.cz\/2021\/wp-content\/uploads\/2021\/04\/kuba-scaled-e1618915088802.jpg 1632w\" sizes=\"auto, (max-width: 1024px) 100vw, 1024px\" \/><figcaption><strong>Jakub Novotn\u00fd<br><\/strong><em>off<\/em><br><a href=\"mailto:offprogram@zlomvaz.cz\">offprogram@zlomvaz.cz<\/a><\/figcaption><\/figure>\n<\/div>\n\n\n\n<div class=\"wp-block-column is-layout-flow wp-block-column-is-layout-flow\">\n<figure class=\"wp-block-image size-large shake\"><img loading=\"lazy\" decoding=\"async\" width=\"1024\" height=\"1024\" src=\"https:\/\/www.zlomvaz.cz\/2021\/wp-content\/uploads\/2021\/04\/ani-scaled-e1618915196636-1024x1024.jpg\" alt=\"\" class=\"wp-image-83\" srcset=\"https:\/\/www.zlomvaz.cz\/2021\/wp-content\/uploads\/2021\/04\/ani-scaled-e1618915196636-1024x1024.jpg 1024w, https:\/\/www.zlomvaz.cz\/2021\/wp-content\/uploads\/2021\/04\/ani-scaled-e1618915196636-300x300.jpg 300w, https:\/\/www.zlomvaz.cz\/2021\/wp-content\/uploads\/2021\/04\/ani-scaled-e1618915196636-150x150.jpg 150w, https:\/\/www.zlomvaz.cz\/2021\/wp-content\/uploads\/2021\/04\/ani-scaled-e1618915196636-768x768.jpg 768w, https:\/\/www.zlomvaz.cz\/2021\/wp-content\/uploads\/2021\/04\/ani-scaled-e1618915196636-1536x1536.jpg 1536w, https:\/\/www.zlomvaz.cz\/2021\/wp-content\/uploads\/2021\/04\/ani-scaled-e1618915196636-1568x1568.jpg 1568w, https:\/\/www.zlomvaz.cz\/2021\/wp-content\/uploads\/2021\/04\/ani-scaled-e1618915196636.jpg 1849w\" sizes=\"auto, (max-width: 1024px) 100vw, 1024px\" \/><figcaption><strong>Anna N\u011bmcov\u00e1<\/strong><br><em>off &#8211; merch<\/em><br><a href=\"mailto:offprogram@zlomvaz.cz\">offprogram@zlomvaz.cz<\/a><\/figcaption><\/figure>\n<\/div>\n\n\n\n<div class=\"wp-block-column is-layout-flow wp-block-column-is-layout-flow\">\n<figure class=\"wp-block-image size-large shake\"><img loading=\"lazy\" decoding=\"async\" width=\"1024\" height=\"1024\" src=\"https:\/\/www.zlomvaz.cz\/2021\/wp-content\/uploads\/2021\/04\/fanous-scaled-e1618915139325-1024x1024.jpg\" alt=\"\" class=\"wp-image-86\" srcset=\"https:\/\/www.zlomvaz.cz\/2021\/wp-content\/uploads\/2021\/04\/fanous-scaled-e1618915139325-1024x1024.jpg 1024w, https:\/\/www.zlomvaz.cz\/2021\/wp-content\/uploads\/2021\/04\/fanous-scaled-e1618915139325-300x300.jpg 300w, https:\/\/www.zlomvaz.cz\/2021\/wp-content\/uploads\/2021\/04\/fanous-scaled-e1618915139325-150x150.jpg 150w, https:\/\/www.zlomvaz.cz\/2021\/wp-content\/uploads\/2021\/04\/fanous-scaled-e1618915139325-768x768.jpg 768w, https:\/\/www.zlomvaz.cz\/2021\/wp-content\/uploads\/2021\/04\/fanous-scaled-e1618915139325-1536x1536.jpg 1536w, https:\/\/www.zlomvaz.cz\/2021\/wp-content\/uploads\/2021\/04\/fanous-scaled-e1618915139325-1568x1568.jpg 1568w, https:\/\/www.zlomvaz.cz\/2021\/wp-content\/uploads\/2021\/04\/fanous-scaled-e1618915139325.jpg 1843w\" sizes=\"auto, (max-width: 1024px) 100vw, 1024px\" \/><figcaption><strong>Franti\u0161ek Sola\u0159<\/strong><br><em>off <\/em><br><a href=\"mailto:offprogram@zlomvaz.cz\">offprogram@zlomvaz.cz<\/a><\/figcaption><\/figure>\n<\/div>\n<\/div>\n\n\n\n<div class=\"wp-block-columns is-layout-flex wp-container-core-columns-is-layout-9d6595d7 wp-block-columns-is-layout-flex\">\n<div class=\"wp-block-column is-layout-flow wp-block-column-is-layout-flow\">\n<figure class=\"wp-block-image size-large shake\"><img loading=\"lazy\" decoding=\"async\" width=\"1024\" height=\"1024\" src=\"https:\/\/www.zlomvaz.cz\/2021\/wp-content\/uploads\/2021\/04\/anez-scaled-e1618915215535-1024x1024.jpg\" alt=\"\" class=\"wp-image-82\" srcset=\"https:\/\/www.zlomvaz.cz\/2021\/wp-content\/uploads\/2021\/04\/anez-scaled-e1618915215535-1024x1024.jpg 1024w, https:\/\/www.zlomvaz.cz\/2021\/wp-content\/uploads\/2021\/04\/anez-scaled-e1618915215535-300x300.jpg 300w, https:\/\/www.zlomvaz.cz\/2021\/wp-content\/uploads\/2021\/04\/anez-scaled-e1618915215535-150x150.jpg 150w, https:\/\/www.zlomvaz.cz\/2021\/wp-content\/uploads\/2021\/04\/anez-scaled-e1618915215535-768x767.jpg 768w, https:\/\/www.zlomvaz.cz\/2021\/wp-content\/uploads\/2021\/04\/anez-scaled-e1618915215535.jpg 1529w\" sizes=\"auto, (max-width: 1024px) 100vw, 1024px\" \/><figcaption><strong>Ane\u017eka Bedn\u00e1\u0159ov\u00e1<\/strong><br><em>marketing a PR<\/em><br><a href=\"mailto:marketing@zlomvaz.cz\">marketing@zlomvaz.cz<\/a><\/figcaption><\/figure>\n<\/div>\n\n\n\n<div class=\"wp-block-column is-layout-flow wp-block-column-is-layout-flow\">\n<figure class=\"wp-block-image size-large shake\"><img loading=\"lazy\" decoding=\"async\" width=\"767\" height=\"767\" src=\"https:\/\/www.zlomvaz.cz\/2021\/wp-content\/uploads\/2021\/04\/verca-e1618914924373.jpg\" alt=\"\" class=\"wp-image-95\" srcset=\"https:\/\/www.zlomvaz.cz\/2021\/wp-content\/uploads\/2021\/04\/verca-e1618914924373.jpg 767w, https:\/\/www.zlomvaz.cz\/2021\/wp-content\/uploads\/2021\/04\/verca-e1618914924373-300x300.jpg 300w, https:\/\/www.zlomvaz.cz\/2021\/wp-content\/uploads\/2021\/04\/verca-e1618914924373-150x150.jpg 150w\" sizes=\"auto, (max-width: 767px) 100vw, 767px\" \/><figcaption><strong>Veronika Krej\u010d\u00ed<\/strong><br><em>audience servi<\/em>s<br><a href=\"mailto:info@zlomvaz.cz\">info@zlomvaz.cz<\/a><\/figcaption><\/figure>\n<\/div>\n\n\n\n<div class=\"wp-block-column is-layout-flow wp-block-column-is-layout-flow\">\n<figure class=\"wp-block-image size-large shake\"><img loading=\"lazy\" decoding=\"async\" width=\"678\" height=\"678\" src=\"https:\/\/www.zlomvaz.cz\/2021\/wp-content\/uploads\/2021\/04\/barus2-e1618915178493.jpg\" alt=\"\" class=\"wp-image-84\" srcset=\"https:\/\/www.zlomvaz.cz\/2021\/wp-content\/uploads\/2021\/04\/barus2-e1618915178493.jpg 678w, https:\/\/www.zlomvaz.cz\/2021\/wp-content\/uploads\/2021\/04\/barus2-e1618915178493-300x300.jpg 300w, https:\/\/www.zlomvaz.cz\/2021\/wp-content\/uploads\/2021\/04\/barus2-e1618915178493-150x150.jpg 150w\" sizes=\"auto, (max-width: 678px) 100vw, 678px\" \/><figcaption><strong>Barbora Koll\u00e1rov\u00e1<\/strong><br><em>setup &#8211; workshopy<\/em><br><a href=\"mailto:setup@zlomvaz.cz\">setup@zlomvaz.cz<\/a><\/figcaption><\/figure>\n<\/div>\n<\/div>\n\n\n\n<div class=\"wp-block-columns is-layout-flex wp-container-core-columns-is-layout-9d6595d7 wp-block-columns-is-layout-flex\">\n<div class=\"wp-block-column is-layout-flow wp-block-column-is-layout-flow\">\n<figure class=\"wp-block-image size-large shake\"><img loading=\"lazy\" decoding=\"async\" width=\"1024\" height=\"1024\" src=\"https:\/\/www.zlomvaz.cz\/2021\/wp-content\/uploads\/2021\/04\/luca-scaled-e1618915066190-1024x1024.jpg\" alt=\"\" class=\"wp-image-89\" srcset=\"https:\/\/www.zlomvaz.cz\/2021\/wp-content\/uploads\/2021\/04\/luca-scaled-e1618915066190-1024x1024.jpg 1024w, https:\/\/www.zlomvaz.cz\/2021\/wp-content\/uploads\/2021\/04\/luca-scaled-e1618915066190-300x300.jpg 300w, https:\/\/www.zlomvaz.cz\/2021\/wp-content\/uploads\/2021\/04\/luca-scaled-e1618915066190-150x150.jpg 150w, https:\/\/www.zlomvaz.cz\/2021\/wp-content\/uploads\/2021\/04\/luca-scaled-e1618915066190-768x767.jpg 768w, https:\/\/www.zlomvaz.cz\/2021\/wp-content\/uploads\/2021\/04\/luca-scaled-e1618915066190.jpg 1504w\" sizes=\"auto, (max-width: 1024px) 100vw, 1024px\" \/><figcaption><strong>Lucie Mlejnkov\u00e1<\/strong><br><em>setup &#8211; diskuse<\/em><br><a href=\"mailto:setup@zlomvaz.cz\">setup@zlomvaz.cz<\/a><\/figcaption><\/figure>\n<\/div>\n\n\n\n<div class=\"wp-block-column is-layout-flow wp-block-column-is-layout-flow\"><\/div>\n\n\n\n<div class=\"wp-block-column is-layout-flow wp-block-column-is-layout-flow\">\n<figure class=\"wp-block-image size-large shake\"><img loading=\"lazy\" decoding=\"async\" width=\"1024\" height=\"1024\" src=\"https:\/\/www.zlomvaz.cz\/2021\/wp-content\/uploads\/2021\/04\/ML-e1618915044130-1024x1024.jpg\" alt=\"\" class=\"wp-image-90\" srcset=\"https:\/\/www.zlomvaz.cz\/2021\/wp-content\/uploads\/2021\/04\/ML-e1618915044130-1024x1024.jpg 1024w, https:\/\/www.zlomvaz.cz\/2021\/wp-content\/uploads\/2021\/04\/ML-e1618915044130-300x300.jpg 300w, https:\/\/www.zlomvaz.cz\/2021\/wp-content\/uploads\/2021\/04\/ML-e1618915044130-150x150.jpg 150w, https:\/\/www.zlomvaz.cz\/2021\/wp-content\/uploads\/2021\/04\/ML-e1618915044130-768x768.jpg 768w, https:\/\/www.zlomvaz.cz\/2021\/wp-content\/uploads\/2021\/04\/ML-e1618915044130-1536x1536.jpg 1536w, https:\/\/www.zlomvaz.cz\/2021\/wp-content\/uploads\/2021\/04\/ML-e1618915044130-1568x1568.jpg 1568w, https:\/\/www.zlomvaz.cz\/2021\/wp-content\/uploads\/2021\/04\/ML-e1618915044130.jpg 1711w\" sizes=\"auto, (max-width: 1024px) 100vw, 1024px\" \/><figcaption><strong>Michal L\u00e1z\u0148ovsk\u00fd<\/strong><br><em>pedagogick\u00e1 supervize<\/em><br><a href=\"mailto:michal.laznovsky(at)damu.cz\">michal.laznovsky@damu.cz<\/a><\/figcaption><\/figure>\n<\/div>\n<\/div>\n\n\n\n<p><br><\/p>\n\n\n\n<div class=\"wp-block-group\"><div class=\"wp-block-group__inner-container is-layout-flow wp-block-group-is-layout-flow\">\n<div class=\"wp-block-columns is-layout-flex wp-container-core-columns-is-layout-9d6595d7 wp-block-columns-is-layout-flex\">\n<div class=\"wp-block-column is-layout-flow wp-block-column-is-layout-flow\">\n<div class=\"wp-block-columns is-layout-flex wp-container-core-columns-is-layout-9d6595d7 wp-block-columns-is-layout-flex\">\n<div class=\"wp-block-column is-layout-flow wp-block-column-is-layout-flow\" style=\"flex-basis:100%\">\n<h4 class=\"wp-block-heading\">Adresa<\/h4>\n<\/div>\n<\/div>\n<\/div>\n\n\n\n<div class=\"wp-block-column is-layout-flow wp-block-column-is-layout-flow\">\n<p>DAMU<br>Karlova 26<br>116 65 Praha 1<\/p>\n<\/div>\n\n\n\n<div class=\"wp-block-column is-layout-flow wp-block-column-is-layout-flow\"><\/div>\n<\/div>\n<\/div><\/div>\n\n\n\n<p><\/p>\n","protected":false},"excerpt":{"rendered":"<p>Adresa DAMUKarlova 26116 65 Praha 1<\/p>\n","protected":false},"author":1,"featured_media":0,"parent":0,"menu_order":0,"comment_status":"closed","ping_status":"closed","template":"","meta":{"footnotes":""},"class_list":["post-58","page","type-page","status-publish","hentry","entry"],"_links":{"self":[{"href":"https:\/\/www.zlomvaz.cz\/2021\/wp-json\/wp\/v2\/pages\/58","targetHints":{"allow":["GET"]}}],"collection":[{"href":"https:\/\/www.zlomvaz.cz\/2021\/wp-json\/wp\/v2\/pages"}],"about":[{"href":"https:\/\/www.zlomvaz.cz\/2021\/wp-json\/wp\/v2\/types\/page"}],"author":[{"embeddable":true,"href":"https:\/\/www.zlomvaz.cz\/2021\/wp-json\/wp\/v2\/users\/1"}],"replies":[{"embeddable":true,"href":"https:\/\/www.zlomvaz.cz\/2021\/wp-json\/wp\/v2\/comments?post=58"}],"version-history":[{"count":25,"href":"https:\/\/www.zlomvaz.cz\/2021\/wp-json\/wp\/v2\/pages\/58\/revisions"}],"predecessor-version":[{"id":1113,"href":"https:\/\/www.zlomvaz.cz\/2021\/wp-json\/wp\/v2\/pages\/58\/revisions\/1113"}],"wp:attachment":[{"href":"https:\/\/www.zlomvaz.cz\/2021\/wp-json\/wp\/v2\/media?parent=58"}],"curies":[{"name":"wp","href":"https:\/\/api.w.org\/{rel}","templated":true}]}}